{"id":2877,"date":"2020-07-23T01:08:33","date_gmt":"2020-07-23T04:08:33","guid":{"rendered":"https:\/\/ifdsao-rng.infd.edu.ar\/sitio\/?page_id=2877"},"modified":"2021-03-30T07:58:44","modified_gmt":"2021-03-30T10:58:44","slug":"contacto-formacion-inicial","status":"publish","type":"page","link":"https:\/\/ifdsao-rng.infd.edu.ar\/sitio\/contacto-formacion-inicial\/","title":{"rendered":"Funciones &#8211; Contacto Formaci\u00f3n Inicial"},"content":{"rendered":"<p><img decoding=\"async\" loading=\"lazy\" class=\"aligncenter wp-image-2872\" src=\"https:\/\/ifdsao-rng.infd.edu.ar\/sitio\/wp-content\/uploads\/2020\/07\/Encabezado_Dpto_FI.jpg\" alt=\"\" width=\"801\" height=\"197\" srcset=\"https:\/\/ifdsao-rng.infd.edu.ar\/sitio\/wp-content\/uploads\/2020\/07\/Encabezado_Dpto_FI.jpg 960w, https:\/\/ifdsao-rng.infd.edu.ar\/sitio\/wp-content\/uploads\/2020\/07\/Encabezado_Dpto_FI-768x189.jpg 768w\" sizes=\"(max-width: 801px) 100vw, 801px\" \/><\/p>\n<h2 style=\"text-align: left;\"><span style=\"color: #800000;\">FUNCIONES:<\/span><\/h2>\n<h6 style=\"text-align: justify;\"><span style=\"font-size: 10pt; font-family: 'trebuchet ms', geneva;\">Seg\u00fan el R.O.M. en el <strong>Art\u00edculo 22\u00ba<\/strong>: Las Funciones de la Coordinaci\u00f3n del Departamento de Formaci\u00f3n. Tiene a su\u00a0cargo, entre otras, las siguientes funciones:<br \/>\n<\/span><\/h6>\n<h6 style=\"text-align: justify;\"><span style=\"font-size: 10pt; font-family: 'trebuchet ms', geneva;\"><span style=\"color: #800000;\">a)<\/span> Ejercer la coordinaci\u00f3n acad\u00e9mica del Instituto, articular acciones vinculadas con el\u00a0desarrollo de las distintas carreras y supervisar las actividades acad\u00e9micas.<br \/>\n<span style=\"color: #800000;\">b)<\/span> Desarrollar en forma coordinada con el Director\/a las funciones inherentes a la\u00a0conducci\u00f3n del Instituto.<br \/>\n<span style=\"color: #800000;\">c)<\/span> Asumir la representaci\u00f3n del Instituto en los turnos, sedes y\/o situaciones en que deba reemplazar al Director\/a, y respecto a las tem\u00e1ticas propias a su Departamento.<br \/>\n<span style=\"color: #800000;\">d)<\/span> Llevar adelante relaciones con la comunidad educativa local mediante acciones inherentes\u00a0a su departamento.<br \/>\n<span style=\"color: #800000;\">e)<\/span> Asesorar al Consejo Directivo en los asuntos relacionados con la normativa, con la\u00a0dimensi\u00f3n administrativa y pedag\u00f3gica de la formaci\u00f3n inicial y de posgrado, y en todos<br \/>\naquellos casos que correspondiere.<br \/>\n<span style=\"color: #800000;\">f)<\/span> Elevar al Consejo Directivo los programas de las Unidades Curriculares con su\u00a0correspondiente an\u00e1lisis.<br \/>\n<span style=\"color: #800000;\">g)<\/span> Coordinar las actividades del personal docente.<br \/>\n<span style=\"color: #800000;\">kjl<\/span> Coordinar y supervisar las acciones del \u00c1rea de Estudiantes.<br \/>\ni) Participar en el asesoramiento, evaluaci\u00f3n y seguimiento de la trayectoria formativa de los\u00a0estudiantes.<br \/>\nj) Establecer horarios de clases y de ex\u00e1menes, en conjunto con la Coordinaci\u00f3n de Carrera y\u00a0el \u00c1rea de Estudiantes.<br \/>\nk) Articular con la Coordinaci\u00f3n de Carreras, con las restantes Coordinaciones y con el \u00c1rea\u00a0de Documentaci\u00f3n y Recursos de apoyo t\u00e9cnico &#8211; Pedag\u00f3gico el relevamiento de las<br \/>\nnecesidades de material bibliogr\u00e1fico y documental.<br \/>\nl) Integrar el Consejo Consultivo Jurisdiccional de Coordinadores de Formaci\u00f3n.<br \/>\nm) Implementar acciones en conjunto con la Coordinaci\u00f3n de Formaci\u00f3n Permanente y de\u00a0Investigaci\u00f3n y Extensi\u00f3n, con quienes integra el equipo de conducci\u00f3n del Instituto \u2013 junto<br \/>\nal Director\/a &#8211; de acuerdo al art\u00edculo 14 del presente Reglamento.<br \/>\nn) Coordinar, desarrollar y asumir todas las actividades relacionadas con la implementaci\u00f3n\u00a0de los post\u00edtulos y su validez nacional.<\/span><\/h6>\n<hr \/>\n<h4 style=\"text-align: center;\"><span style=\"color: #800000;\"><strong>FORMULARIO DE CONTACTO CON LA COORDINACI\u00d3N <\/strong><\/span><\/h4>\n<h4 style=\"text-align: center;\"><span style=\"color: #800000;\"><strong>DEL DEPARTAMENTO DE\u00a0<\/strong><strong>FORMACI\u00d3N INICIAL<\/strong><\/span><\/h4>\n\n<div class=\"wpcf7 no-js\" id=\"wpcf7-f2879-o1\" lang=\"es-ES\" dir=\"ltr\">\n<div class=\"screen-reader-response\"><p role=\"status\" aria-live=\"polite\" aria-atomic=\"true\"><\/p> <ul><\/ul><\/div>\n<form action=\"\/sitio\/wp-json\/wp\/v2\/pages\/2877#wpcf7-f2879-o1\" method=\"post\" class=\"wpcf7-form init\" aria-label=\"Formulario de contacto\" novalidate=\"novalidate\" data-status=\"init\">\n<div style=\"display: none;\">\n<input type=\"hidden\" name=\"_wpcf7\" value=\"2879\" \/>\n<input type=\"hidden\" name=\"_wpcf7_version\" value=\"5.7.7\" \/>\n<input type=\"hidden\" name=\"_wpcf7_locale\" value=\"es_ES\" \/>\n<input type=\"hidden\" name=\"_wpcf7_unit_tag\" value=\"wpcf7-f2879-o1\" \/>\n<input type=\"hidden\" name=\"_wpcf7_container_post\" value=\"0\" \/>\n<input type=\"hidden\" name=\"_wpcf7_posted_data_hash\" value=\"\" \/>\n<input type=\"hidden\" name=\"_wpcf7_recaptcha_response\" value=\"\" \/>\n<\/div>\n<p><label> Apellido y Nombre: (*)<br \/>\n<span class=\"wpcf7-form-control-wrap\" data-name=\"your-name\"><input size=\"40\" class=\"wpcf7-form-control wpcf7-text wpcf7-validates-as-required\" aria-required=\"true\" aria-invalid=\"false\" value=\"\" type=\"text\" name=\"your-name\" \/><\/span> <\/label>\n<\/p>\n<p>Carrera: (*)<br \/>\n<span class=\"wpcf7-form-control-wrap\" data-name=\"Carrera:\"><select class=\"wpcf7-form-control wpcf7-select wpcf7-validates-as-required\" aria-required=\"true\" aria-invalid=\"false\" name=\"Carrera:\"><option value=\"PROFESORADO DE EDUCACI\u00d3N INICIAL\">PROFESORADO DE EDUCACI\u00d3N INICIAL<\/option><option value=\"PROFESORADO DE EDUCACI\u00d3N PRIMARIA\">PROFESORADO DE EDUCACI\u00d3N PRIMARIA<\/option><option value=\"PROFESORADO DE EDUCACI\u00d3N SECUNDARIA EN BIOLOG\u00cdA\">PROFESORADO DE EDUCACI\u00d3N SECUNDARIA EN BIOLOG\u00cdA<\/option><option value=\"TECNICATURA SUPERIOR EN ADMINISTRACI\u00d3N DE EMPRESAS\">TECNICATURA SUPERIOR EN ADMINISTRACI\u00d3N DE EMPRESAS<\/option><option value=\"TECNICATURA SUPERIOR EN GASTRONOM\u00cdA\">TECNICATURA SUPERIOR EN GASTRONOM\u00cdA<\/option><option value=\"AUXILIAR DE ESTUDIO JUR\u00cdDICO\">AUXILIAR DE ESTUDIO JUR\u00cdDICO<\/option><option value=\"AUXILIAR EN LIQUIDACIONES IMPOSITIVO LABORALES\">AUXILIAR EN LIQUIDACIONES IMPOSITIVO LABORALES<\/option><option value=\"GUARDAVIDAS\">GUARDAVIDAS<\/option><\/select><\/span>\n<\/p>\n<p>Celular de Contacto: (*)<br \/>\n<span class=\"wpcf7-form-control-wrap\" data-name=\"tel-76\"><input size=\"40\" class=\"wpcf7-form-control wpcf7-text wpcf7-tel wpcf7-validates-as-required wpcf7-validates-as-tel\" aria-required=\"true\" aria-invalid=\"false\" value=\"\" type=\"tel\" name=\"tel-76\" \/><\/span>\n<\/p>\n<p><label> Tu correo electr\u00f3nico: (*)<br \/>\n<span class=\"wpcf7-form-control-wrap\" data-name=\"your-email\"><input size=\"40\" class=\"wpcf7-form-control wpcf7-text wpcf7-email wpcf7-validates-as-required wpcf7-validates-as-email\" aria-required=\"true\" aria-invalid=\"false\" value=\"\" type=\"email\" name=\"your-email\" \/><\/span> <\/label>\n<\/p>\n<p><label> Asunto:<span class=\"wpcf7-form-control-wrap\" data-name=\"text-664\"><input size=\"40\" class=\"wpcf7-form-control wpcf7-text wpcf7-validates-as-required\" aria-required=\"true\" aria-invalid=\"false\" value=\"\" type=\"text\" name=\"text-664\" \/><\/span><br \/>\n<\/label>\n<\/p>\n<p><label> Tu mensaje<br \/>\n<span class=\"wpcf7-form-control-wrap\" data-name=\"your-message\"><textarea cols=\"40\" rows=\"10\" class=\"wpcf7-form-control wpcf7-textarea\" aria-invalid=\"false\" name=\"your-message\"><\/textarea><\/span> <\/label>\n<\/p>\n<p>(*) Campos Obligatorios\n<\/p>\n<p><input class=\"wpcf7-form-control has-spinner wpcf7-submit\" type=\"submit\" value=\"Enviar\" \/>\n<\/p><p style=\"display: none !important;\"><label>&#916;<textarea name=\"_wpcf7_ak_hp_textarea\" cols=\"45\" rows=\"8\" maxlength=\"100\"><\/textarea><\/label><input type=\"hidden\" id=\"ak_js_1\" name=\"_wpcf7_ak_js\" value=\"21\"\/><script>document.getElementById( \"ak_js_1\" ).setAttribute( \"value\", ( new Date() ).getTime() );<\/script><\/p><div class=\"wpcf7-response-output\" aria-hidden=\"true\"><\/div>\n<\/form>\n<\/div>\n\n","protected":false},"excerpt":{"rendered":"<p>FUNCIONES: Seg\u00fan el R.O.M. en el Art\u00edculo 22\u00ba: Las Funciones de la Coordinaci\u00f3n del Departamento de Formaci\u00f3n. Tiene a su\u00a0cargo, entre otras, las siguientes funciones: a) Ejercer la coordinaci\u00f3n acad\u00e9mica del Instituto, articular acciones vinculadas con el\u00a0desarrollo de las distintas carreras y supervisar las actividades acad\u00e9micas. b) Desarrollar en forma coordinada con el Director\/a las &#8230; <a title=\"Funciones &#8211; Contacto Formaci\u00f3n Inicial\" class=\"read-more\" href=\"https:\/\/ifdsao-rng.infd.edu.ar\/sitio\/contacto-formacion-inicial\/\" aria-label=\"More on Funciones &#8211; Contacto Formaci\u00f3n Inicial\">[+]<\/a><\/p>\n","protected":false},"author":879,"featured_media":0,"parent":0,"menu_order":0,"comment_status":"closed","ping_status":"closed","template":"","meta":[],"acf":[],"_links":{"self":[{"href":"https:\/\/ifdsao-rng.infd.edu.ar\/sitio\/wp-json\/wp\/v2\/pages\/2877"}],"collection":[{"href":"https:\/\/ifdsao-rng.infd.edu.ar\/sitio\/wp-json\/wp\/v2\/pages"}],"about":[{"href":"https:\/\/ifdsao-rng.infd.edu.ar\/sitio\/wp-json\/wp\/v2\/types\/page"}],"author":[{"embeddable":true,"href":"https:\/\/ifdsao-rng.infd.edu.ar\/sitio\/wp-json\/wp\/v2\/users\/879"}],"replies":[{"embeddable":true,"href":"https:\/\/ifdsao-rng.infd.edu.ar\/sitio\/wp-json\/wp\/v2\/comments?post=2877"}],"version-history":[{"count":3,"href":"https:\/\/ifdsao-rng.infd.edu.ar\/sitio\/wp-json\/wp\/v2\/pages\/2877\/revisions"}],"predecessor-version":[{"id":3451,"href":"https:\/\/ifdsao-rng.infd.edu.ar\/sitio\/wp-json\/wp\/v2\/pages\/2877\/revisions\/3451"}],"wp:attachment":[{"href":"https:\/\/ifdsao-rng.infd.edu.ar\/sitio\/wp-json\/wp\/v2\/media?parent=2877"}],"curies":[{"name":"wp","href":"https:\/\/api.w.org\/{rel}","templated":true}]}}