{"id":2812,"date":"2020-07-22T20:39:24","date_gmt":"2020-07-22T23:39:24","guid":{"rendered":"https:\/\/ifdsao-rng.infd.edu.ar\/sitio\/?page_id=2812"},"modified":"2022-03-16T02:38:18","modified_gmt":"2022-03-16T05:38:18","slug":"ingresantes-3","status":"publish","type":"page","link":"https:\/\/ifdsao-rng.infd.edu.ar\/sitio\/ingresantes-3\/","title":{"rendered":"Ingresantes"},"content":{"rendered":"<p><img decoding=\"async\" loading=\"lazy\" class=\"aligncenter wp-image-2686\" src=\"https:\/\/ifdsao-rng.infd.edu.ar\/sitio\/wp-content\/uploads\/2020\/07\/Encabezado_SE.jpg\" alt=\"\" width=\"745\" height=\"191\" srcset=\"https:\/\/ifdsao-rng.infd.edu.ar\/sitio\/wp-content\/uploads\/2020\/07\/Encabezado_SE.jpg 960w, https:\/\/ifdsao-rng.infd.edu.ar\/sitio\/wp-content\/uploads\/2020\/07\/Encabezado_SE-768x197.jpg 768w\" sizes=\"(max-width: 745px) 100vw, 745px\" \/><\/p>\n<table width=\"699\">\n<tbody>\n<tr>\n<td colspan=\"2\" width=\"699\">\n<h4 style=\"text-align: center;\"><span style=\"color: #ff6600;\"><strong>DOCUMENTACI\u00d3N \u00daTIL &#8211;\u00a0<\/strong><\/span><span style=\"color: #ff6600;\"><strong>TUTORIALES<\/strong> <strong>Y<\/strong>\u00a0 CANALES DE COMUNICACI\u00d3N<\/span><\/h4>\n<\/td>\n<\/tr>\n<tr>\n<td width=\"501\"><strong><img decoding=\"async\" loading=\"lazy\" class=\"wp-image-4061 alignleft\" src=\"https:\/\/ifdsao-rng.infd.edu.ar\/sitio\/wp-content\/uploads\/2021\/11\/icono-requisitos.png\" alt=\"\" width=\"55\" height=\"67\" \/><span style=\"color: #ff6600;\">GU\u00cdA ACAD\u00c9MICA PARA ESTUDIANTES: <\/span><\/strong>les recomendamos que la descarguen y la lean, ya que les ser\u00e1 de gran utilidad y facilitar\u00e1 su inserci\u00f3n en la vida estudiantil de la instituci\u00f3n. Encontrar\u00e1s, informaci\u00f3n acad\u00e9mica y administrativa. Les sugerimos, que tengan esta gu\u00eda siempre a mano, para poder resolver cualquier tr\u00e1mite y\/o consultas.<\/td>\n<td width=\"198\"><a href=\"https:\/\/www.canva.com\/design\/DAEwC7hg-rA\/e5BWecpb6AO_PZLKlOsI1A\/view?utm_content=DAEwC7hg-rA&amp;utm_campaign=designshare&amp;utm_medium=link&amp;utm_source=publishsharelink\" target=\"_blank\" rel=\"noopener\"><strong> <img decoding=\"async\" loading=\"lazy\" class=\"wp-image-4165 aligncenter\" src=\"https:\/\/ifdsao-rng.infd.edu.ar\/sitio\/wp-content\/uploads\/2021\/11\/icono-tutorial.jpg\" alt=\"\" width=\"120\" height=\"83\" srcset=\"https:\/\/ifdsao-rng.infd.edu.ar\/sitio\/wp-content\/uploads\/2021\/11\/icono-tutorial.jpg 900w, https:\/\/ifdsao-rng.infd.edu.ar\/sitio\/wp-content\/uploads\/2021\/11\/icono-tutorial-768x529.jpg 768w\" sizes=\"(max-width: 120px) 100vw, 120px\" \/><\/strong><\/a><\/td>\n<\/tr>\n<tr>\n<td width=\"501\"><strong> <img decoding=\"async\" loading=\"lazy\" class=\"wp-image-4061 alignleft\" src=\"https:\/\/ifdsao-rng.infd.edu.ar\/sitio\/wp-content\/uploads\/2021\/11\/icono-requisitos.png\" alt=\"\" width=\"55\" height=\"67\" \/><\/strong><\/p>\n<p><span style=\"color: #ff6600;\"><strong>P\u00c1GINA WEB DEL I.F.D.C:<\/strong>\u00a0<\/span> Encontrar\u00e1s toda la informaci\u00f3n necesaria de la Instituci\u00f3n, ingres\u00e1 peri\u00f3dicamente y descarg\u00e1 toda la informaci\u00f3n necesaria de la carrera que estas cursando.\u00a0<strong>\u00bfC\u00f3mo ingreso a la P\u00e1gina del Instituto? <\/strong><\/td>\n<td width=\"198\"><strong> <a href=\"https:\/\/ifdsao-rng.infd.edu.ar\/sitio\" target=\"_blank\" rel=\"noopener\"><img decoding=\"async\" loading=\"lazy\" class=\"wp-image-4165 aligncenter\" src=\"https:\/\/ifdsao-rng.infd.edu.ar\/sitio\/wp-content\/uploads\/2021\/11\/icono-tutorial.jpg\" alt=\"\" width=\"120\" height=\"83\" srcset=\"https:\/\/ifdsao-rng.infd.edu.ar\/sitio\/wp-content\/uploads\/2021\/11\/icono-tutorial.jpg 900w, https:\/\/ifdsao-rng.infd.edu.ar\/sitio\/wp-content\/uploads\/2021\/11\/icono-tutorial-768x529.jpg 768w\" sizes=\"(max-width: 120px) 100vw, 120px\" \/><\/a><\/strong><\/td>\n<\/tr>\n<tr>\n<td width=\"501\"><strong> <img decoding=\"async\" loading=\"lazy\" class=\"wp-image-4061 alignleft\" src=\"https:\/\/ifdsao-rng.infd.edu.ar\/sitio\/wp-content\/uploads\/2021\/11\/icono-requisitos.png\" alt=\"\" width=\"55\" height=\"67\" \/><\/strong><\/p>\n<p><span style=\"color: #ff6600;\"><strong>SISTEMA DE GESTI\u00d3N DE ESTUDIANTES \u201cUNES\u201d:<\/strong> <\/span>\u00c9ste Sistema\u00a0est\u00e1 disponible para las y los estudiantes del I.F.D.C de San Antonio Oeste. Una vez, que te registres como estudiante regular podr\u00e1s gestionar:<\/p>\n<ul>\n<li>Inscripci\u00f3n a Carrera\/s.<\/li>\n<li>Inscripci\u00f3n a las Unidades Curriculares que desees cursar.<\/li>\n<li>Inscripci\u00f3n a los Espacios de definici\u00f3n Institucional (E.D.Is)<\/li>\n<li>Inscripci\u00f3n a las Mesas de Ex\u00e1menes Finales.<\/li>\n<\/ul>\n<p>Todo lo antes detallado lo encontrar\u00e1s en el <strong>CANAL DE YOUTUBE DEL <\/strong><strong>IFDC SAN ANTONIO OESTE<\/strong><strong>.<\/strong><\/td>\n<td width=\"198\"><a href=\"https:\/\/www.youtube.com\/channel\/UCy7x-N0evnGf7OUQGglkyRA\" target=\"_blank\" rel=\"noopener\"><strong> <img decoding=\"async\" loading=\"lazy\" class=\"wp-image-4165 aligncenter\" src=\"https:\/\/ifdsao-rng.infd.edu.ar\/sitio\/wp-content\/uploads\/2021\/11\/icono-tutorial.jpg\" alt=\"\" width=\"120\" height=\"83\" srcset=\"https:\/\/ifdsao-rng.infd.edu.ar\/sitio\/wp-content\/uploads\/2021\/11\/icono-tutorial.jpg 900w, https:\/\/ifdsao-rng.infd.edu.ar\/sitio\/wp-content\/uploads\/2021\/11\/icono-tutorial-768x529.jpg 768w\" sizes=\"(max-width: 120px) 100vw, 120px\" \/><\/strong><\/a><\/td>\n<\/tr>\n<tr>\n<td colspan=\"2\" width=\"699\">\n<p style=\"text-align: center;\"><span style=\"color: #ff6600;\"><strong>CAMPUS VIRTUAL:<\/strong><\/span> pueden encontrarse las distintas <strong>aulas virtuales<\/strong> (de cada espacio de formaci\u00f3n), con sus actividades formativas diferentes.\u00a0El <strong>aula virtual<\/strong> es un espacio de aprendizaje ON LINE. Se puede realizar una analog\u00eda, con un aula real en que se encuentran profesoras\/es y estudiantes para tener una experiencia educativa.<\/p>\n<\/td>\n<\/tr>\n<tr>\n<td width=\"501\"><strong><img decoding=\"async\" loading=\"lazy\" class=\"wp-image-4061 alignleft\" src=\"https:\/\/ifdsao-rng.infd.edu.ar\/sitio\/wp-content\/uploads\/2021\/11\/icono-requisitos.png\" alt=\"\" width=\"55\" height=\"67\" \/><\/strong><\/p>\n<p><strong>\u00bfC\u00f3mo obtener un usuario y contrase\u00f1a para acceder al campus virtual de la Instituci\u00f3n?\u00a0<\/strong>Para solicitar el alta en el campus virtual, debes solicitar un usuario y contrase\u00f1a para acceder al siguiente correo electr\u00f3nico: <span style=\"color: #ff6600;\"><a style=\"color: #ff6600;\" href=\"https:\/\/ifdsao-rng.infd.edu.ar\/sitio\/2786-2\/\"><strong>mediadiores.digitales@ifdcsao.edu.ar<\/strong><\/a><\/span><\/td>\n<td width=\"198\"><strong><a href=\"https:\/\/ifdsao-rng.infd.edu.ar\/sitio\/ingresantes-2\/\" target=\"_blank\" rel=\"noopener\"> <img decoding=\"async\" loading=\"lazy\" class=\"wp-image-4165 aligncenter\" src=\"https:\/\/ifdsao-rng.infd.edu.ar\/sitio\/wp-content\/uploads\/2021\/11\/icono-tutorial.jpg\" alt=\"\" width=\"120\" height=\"83\" srcset=\"https:\/\/ifdsao-rng.infd.edu.ar\/sitio\/wp-content\/uploads\/2021\/11\/icono-tutorial.jpg 900w, https:\/\/ifdsao-rng.infd.edu.ar\/sitio\/wp-content\/uploads\/2021\/11\/icono-tutorial-768x529.jpg 768w\" sizes=\"(max-width: 120px) 100vw, 120px\" \/><\/a><br \/>\n<\/strong><\/td>\n<\/tr>\n<tr>\n<td width=\"501\"><strong> <img decoding=\"async\" loading=\"lazy\" class=\"wp-image-4061 alignleft\" src=\"https:\/\/ifdsao-rng.infd.edu.ar\/sitio\/wp-content\/uploads\/2021\/11\/icono-requisitos.png\" alt=\"\" width=\"55\" height=\"67\" \/><\/strong><\/p>\n<p><strong>\u00bfC\u00f3mo ingreso al Campus Virtual?<\/strong><span style=\"color: #ff6600;\"><strong>\u00a0<\/strong><\/span><\/td>\n<td width=\"198\"><a href=\"https:\/\/ifdsao-rng.infd.edu.ar\/sitio\/como-ingreso-al-campus-virtual\/\" target=\"_blank\" rel=\"noopener\"><strong> <img decoding=\"async\" loading=\"lazy\" class=\"wp-image-4165 aligncenter\" src=\"https:\/\/ifdsao-rng.infd.edu.ar\/sitio\/wp-content\/uploads\/2021\/11\/icono-tutorial.jpg\" alt=\"\" width=\"120\" height=\"83\" srcset=\"https:\/\/ifdsao-rng.infd.edu.ar\/sitio\/wp-content\/uploads\/2021\/11\/icono-tutorial.jpg 900w, https:\/\/ifdsao-rng.infd.edu.ar\/sitio\/wp-content\/uploads\/2021\/11\/icono-tutorial-768x529.jpg 768w\" sizes=\"(max-width: 120px) 100vw, 120px\" \/><\/strong><\/a><\/td>\n<\/tr>\n<tr>\n<td width=\"501\"><strong> <img decoding=\"async\" loading=\"lazy\" class=\"wp-image-4061 alignleft\" src=\"https:\/\/ifdsao-rng.infd.edu.ar\/sitio\/wp-content\/uploads\/2021\/11\/icono-requisitos.png\" alt=\"\" width=\"55\" height=\"67\" \/> \u00bfC\u00f3mo instalar la APP del Campus en tu celular? <\/strong><\/td>\n<td width=\"198\"><a href=\"https:\/\/ifdsao-rng.infd.edu.ar\/sitio\/app-para-tu-celular\/\" target=\"_blank\" rel=\"noopener\"><strong> <img decoding=\"async\" loading=\"lazy\" class=\"wp-image-4165 aligncenter\" src=\"https:\/\/ifdsao-rng.infd.edu.ar\/sitio\/wp-content\/uploads\/2021\/11\/icono-tutorial.jpg\" alt=\"\" width=\"120\" height=\"83\" srcset=\"https:\/\/ifdsao-rng.infd.edu.ar\/sitio\/wp-content\/uploads\/2021\/11\/icono-tutorial.jpg 900w, https:\/\/ifdsao-rng.infd.edu.ar\/sitio\/wp-content\/uploads\/2021\/11\/icono-tutorial-768x529.jpg 768w\" sizes=\"(max-width: 120px) 100vw, 120px\" \/><\/strong><\/a><\/td>\n<\/tr>\n<tr>\n<td width=\"501\"><strong><img decoding=\"async\" loading=\"lazy\" class=\"wp-image-4061 alignleft\" src=\"https:\/\/ifdsao-rng.infd.edu.ar\/sitio\/wp-content\/uploads\/2021\/11\/icono-requisitos.png\" alt=\"\" width=\"55\" height=\"67\" \/>\u00a0<\/strong><strong>Ayudas para resolver las acciones habituales dentro del campus &#8211; v\u00eddeos tutoriales:<\/strong><\/td>\n<td width=\"198\"><a href=\"https:\/\/red.infd.edu.ar\/video-tutoriales-del-campus\/#ancla1\" target=\"_blank\" rel=\"noopener\"><strong> <img decoding=\"async\" loading=\"lazy\" class=\"wp-image-4165 aligncenter\" src=\"https:\/\/ifdsao-rng.infd.edu.ar\/sitio\/wp-content\/uploads\/2021\/11\/icono-tutorial.jpg\" alt=\"\" width=\"120\" height=\"83\" srcset=\"https:\/\/ifdsao-rng.infd.edu.ar\/sitio\/wp-content\/uploads\/2021\/11\/icono-tutorial.jpg 900w, https:\/\/ifdsao-rng.infd.edu.ar\/sitio\/wp-content\/uploads\/2021\/11\/icono-tutorial-768x529.jpg 768w\" sizes=\"(max-width: 120px) 100vw, 120px\" \/><\/strong><\/a><\/td>\n<\/tr>\n<tr>\n<td width=\"501\"><strong> <img decoding=\"async\" loading=\"lazy\" class=\"wp-image-4061 alignleft\" src=\"https:\/\/ifdsao-rng.infd.edu.ar\/sitio\/wp-content\/uploads\/2021\/11\/icono-requisitos.png\" alt=\"\" width=\"55\" height=\"67\" \/><\/strong><\/p>\n<p><span style=\"color: #ff6600;\"><strong>AULA VIRTUAL DE LA SECRETARIA DE ESTUDIANTES:<\/strong> <\/span>En este espacio, podr\u00e1n comunicarse de manera online con la Secretar\u00eda de Estudiantes de la Instituci\u00f3n. Y adem\u00e1s, descargar la constancia de estudiante regular, programas de ex\u00e1menes regulares \/libres, solicitar el rendimiento acad\u00e9mico, entre otros; es importante saber que los mensajes y\/o solicitudes ser\u00e1n respondidos en los d\u00edas h\u00e1biles y horarios de atenci\u00f3n.<\/td>\n<td width=\"198\"><strong> <a href=\"https:\/\/ifdsao-rng.infd.edu.ar\/sitio\/aula-virtual\/\" target=\"_blank\" rel=\"noopener\"><img decoding=\"async\" loading=\"lazy\" class=\"wp-image-4165 aligncenter\" src=\"https:\/\/ifdsao-rng.infd.edu.ar\/sitio\/wp-content\/uploads\/2021\/11\/icono-tutorial.jpg\" alt=\"\" width=\"120\" height=\"83\" srcset=\"https:\/\/ifdsao-rng.infd.edu.ar\/sitio\/wp-content\/uploads\/2021\/11\/icono-tutorial.jpg 900w, https:\/\/ifdsao-rng.infd.edu.ar\/sitio\/wp-content\/uploads\/2021\/11\/icono-tutorial-768x529.jpg 768w\" sizes=\"(max-width: 120px) 100vw, 120px\" \/><\/a><\/strong><\/td>\n<\/tr>\n<tr>\n<td width=\"501\"><strong><img decoding=\"async\" loading=\"lazy\" class=\"wp-image-4061 alignleft\" src=\"https:\/\/ifdsao-rng.infd.edu.ar\/sitio\/wp-content\/uploads\/2021\/11\/icono-requisitos.png\" alt=\"\" width=\"55\" height=\"67\" \/><span style=\"color: #ff6600;\">CANAL DE YOUTUBE:<\/span><\/strong> En este canal encontrar\u00e1s \u00a0tutoriales\/ v\u00eddeos explicativos\/conversatorios \u00a0y\/actividades realizadas por las\/os estudiantes y docentes de la Instituci\u00f3n.<\/td>\n<td width=\"198\"><a href=\"https:\/\/www.youtube.com\/channel\/UCy7x-N0evnGf7OUQGglkyRA\" target=\"_blank\" rel=\"noopener\"><strong> <img decoding=\"async\" loading=\"lazy\" class=\"wp-image-4165 aligncenter\" src=\"https:\/\/ifdsao-rng.infd.edu.ar\/sitio\/wp-content\/uploads\/2021\/11\/icono-tutorial.jpg\" alt=\"\" width=\"120\" height=\"83\" srcset=\"https:\/\/ifdsao-rng.infd.edu.ar\/sitio\/wp-content\/uploads\/2021\/11\/icono-tutorial.jpg 900w, https:\/\/ifdsao-rng.infd.edu.ar\/sitio\/wp-content\/uploads\/2021\/11\/icono-tutorial-768x529.jpg 768w\" sizes=\"(max-width: 120px) 100vw, 120px\" \/><\/strong><\/a><\/td>\n<\/tr>\n<tr>\n<td width=\"501\"><strong><img decoding=\"async\" loading=\"lazy\" class=\"wp-image-4061 alignleft\" src=\"https:\/\/ifdsao-rng.infd.edu.ar\/sitio\/wp-content\/uploads\/2021\/11\/icono-requisitos.png\" alt=\"\" width=\"55\" height=\"67\" \/> <span style=\"color: #ff6600;\">RECOMENDACIONES GENERALES:<\/span> <\/strong>Documento donde encontrar\u00e1s toda la informaci\u00f3n administrativa\/acad\u00e9mica.<\/td>\n<td width=\"198\"><a href=\"https:\/\/drive.google.com\/file\/d\/1D_vSLIRtaLweDt_mr_3pTBh1zMS5xjHr\/view?usp=sharing\" target=\"_blank\" rel=\"noopener\"><strong> <img decoding=\"async\" loading=\"lazy\" class=\"wp-image-4165 aligncenter\" src=\"https:\/\/ifdsao-rng.infd.edu.ar\/sitio\/wp-content\/uploads\/2021\/11\/icono-tutorial.jpg\" alt=\"\" width=\"120\" height=\"83\" srcset=\"https:\/\/ifdsao-rng.infd.edu.ar\/sitio\/wp-content\/uploads\/2021\/11\/icono-tutorial.jpg 900w, https:\/\/ifdsao-rng.infd.edu.ar\/sitio\/wp-content\/uploads\/2021\/11\/icono-tutorial-768x529.jpg 768w\" sizes=\"(max-width: 120px) 100vw, 120px\" \/><\/strong><\/a><\/td>\n<\/tr>\n<tr>\n<td width=\"501\"><strong><img decoding=\"async\" loading=\"lazy\" class=\"wp-image-4061 alignleft\" src=\"https:\/\/ifdsao-rng.infd.edu.ar\/sitio\/wp-content\/uploads\/2021\/11\/icono-requisitos.png\" alt=\"\" width=\"55\" height=\"67\" \/><span style=\"color: #ff6600;\">CONSEJOS \u00daTILES: <\/span><\/strong><span style=\"color: #ff6600;\"><span style=\"color: #000000;\">Consejos para realizar cualquier consulta administrativa\/acad\u00e9mica en la Instituci\u00f3n.<\/span><\/span><\/td>\n<td width=\"198\"><a href=\"https:\/\/drive.google.com\/file\/d\/1vRE9JBCNXsFAJ_Ma39_Xo19K8LLj6_op\/view?usp=sharing\" target=\"_blank\" rel=\"noopener\"><strong> <img decoding=\"async\" loading=\"lazy\" class=\"wp-image-4165 aligncenter\" src=\"https:\/\/ifdsao-rng.infd.edu.ar\/sitio\/wp-content\/uploads\/2021\/11\/icono-tutorial.jpg\" alt=\"\" width=\"120\" height=\"83\" srcset=\"https:\/\/ifdsao-rng.infd.edu.ar\/sitio\/wp-content\/uploads\/2021\/11\/icono-tutorial.jpg 900w, https:\/\/ifdsao-rng.infd.edu.ar\/sitio\/wp-content\/uploads\/2021\/11\/icono-tutorial-768x529.jpg 768w\" sizes=\"(max-width: 120px) 100vw, 120px\" \/><\/strong><\/a><\/td>\n<\/tr>\n<tr>\n<td width=\"501\"><strong>\u00a0<\/strong><\/td>\n<td width=\"198\"><strong>\u00a0<\/strong><\/td>\n<\/tr>\n<tr>\n<td width=\"501\"><strong>\u00a0<\/strong><\/td>\n<td width=\"198\"><strong>\u00a0<\/strong><\/td>\n<\/tr>\n<tr>\n<td width=\"501\"><strong>\u00a0<\/strong><\/td>\n<td width=\"198\"><strong>\u00a0<\/strong><\/td>\n<\/tr>\n<tr>\n<td width=\"501\"><strong>\u00a0<\/strong><\/td>\n<td width=\"198\"><strong>\u00a0<\/strong><\/td>\n<\/tr>\n<tr>\n<td width=\"501\"><strong>\u00a0<\/strong><\/td>\n<td width=\"198\"><strong>\u00a0<\/strong><\/td>\n<\/tr>\n<tr>\n<td width=\"501\"><strong>\u00a0<\/strong><\/td>\n<td width=\"198\"><strong>\u00a0<\/strong><\/td>\n<\/tr>\n<tr>\n<td width=\"501\"><strong>\u00a0<\/strong><\/td>\n<td width=\"198\"><strong>\u00a0<\/strong><\/td>\n<\/tr>\n<tr>\n<td width=\"501\"><strong>\u00a0<\/strong><\/td>\n<td width=\"198\"><strong>\u00a0<\/strong><\/td>\n<\/tr>\n<tr>\n<td width=\"501\"><strong>\u00a0<\/strong><\/td>\n<td width=\"198\"><strong>\u00a0<\/strong><\/td>\n<\/tr>\n<\/tbody>\n<\/table>\n","protected":false},"excerpt":{"rendered":"<p>DOCUMENTACI\u00d3N \u00daTIL &#8211;\u00a0TUTORIALES Y\u00a0 CANALES DE COMUNICACI\u00d3N GU\u00cdA ACAD\u00c9MICA PARA ESTUDIANTES: les recomendamos que la descarguen y la lean, ya que les ser\u00e1 de gran utilidad y facilitar\u00e1 su inserci\u00f3n en la vida estudiantil de la instituci\u00f3n. Encontrar\u00e1s, informaci\u00f3n acad\u00e9mica y administrativa. Les sugerimos, que tengan esta gu\u00eda siempre a mano, para poder resolver cualquier &#8230; <a title=\"Ingresantes\" class=\"read-more\" href=\"https:\/\/ifdsao-rng.infd.edu.ar\/sitio\/ingresantes-3\/\" aria-label=\"More on Ingresantes\">[+]<\/a><\/p>\n","protected":false},"author":879,"featured_media":0,"parent":0,"menu_order":0,"comment_status":"closed","ping_status":"closed","template":"","meta":[],"acf":[],"_links":{"self":[{"href":"https:\/\/ifdsao-rng.infd.edu.ar\/sitio\/wp-json\/wp\/v2\/pages\/2812"}],"collection":[{"href":"https:\/\/ifdsao-rng.infd.edu.ar\/sitio\/wp-json\/wp\/v2\/pages"}],"about":[{"href":"https:\/\/ifdsao-rng.infd.edu.ar\/sitio\/wp-json\/wp\/v2\/types\/page"}],"author":[{"embeddable":true,"href":"https:\/\/ifdsao-rng.infd.edu.ar\/sitio\/wp-json\/wp\/v2\/users\/879"}],"replies":[{"embeddable":true,"href":"https:\/\/ifdsao-rng.infd.edu.ar\/sitio\/wp-json\/wp\/v2\/comments?post=2812"}],"version-history":[{"count":7,"href":"https:\/\/ifdsao-rng.infd.edu.ar\/sitio\/wp-json\/wp\/v2\/pages\/2812\/revisions"}],"predecessor-version":[{"id":4376,"href":"https:\/\/ifdsao-rng.infd.edu.ar\/sitio\/wp-json\/wp\/v2\/pages\/2812\/revisions\/4376"}],"wp:attachment":[{"href":"https:\/\/ifdsao-rng.infd.edu.ar\/sitio\/wp-json\/wp\/v2\/media?parent=2812"}],"curies":[{"name":"wp","href":"https:\/\/api.w.org\/{rel}","templated":true}]}}