{"id":1373,"date":"2018-12-03T20:02:10","date_gmt":"2018-12-03T23:02:10","guid":{"rendered":"https:\/\/ifdsao-rng.infd.edu.ar\/sitio\/?page_id=1373"},"modified":"2024-06-20T11:45:15","modified_gmt":"2024-06-20T14:45:15","slug":"plan-de-estudios-de-guardavidas","status":"publish","type":"page","link":"https:\/\/ifdsao-rng.infd.edu.ar\/sitio\/plan-de-estudios-de-guardavidas\/","title":{"rendered":"Plan de Estudios de Guardavidas"},"content":{"rendered":"<p><img decoding=\"async\" loading=\"lazy\" class=\"aligncenter wp-image-2841\" src=\"https:\/\/ifdsao-rng.infd.edu.ar\/sitio\/wp-content\/uploads\/2020\/07\/GUARDAVIDAS.jpg\" alt=\"\" width=\"796\" height=\"194\" \/><\/p>\n<p style=\"text-align: center;\">El Guardavidas ser\u00e1 un profesional con capacidad t\u00e9cnico motriz formado b\u00e1sicamente como socorrista especializado en el rescate acu\u00e1tico. Estar\u00e1 preparado para intervenir en la prevenci\u00f3n de accidentes fuera y dentro del agua, y deber\u00e1 manejar los conocimientos de los \u00faltimos adelantos en las t\u00e9cnicas de rescate y salvamento. Ser\u00e1 la persona que vigila, previene y rescata a los que participan de actividades acu\u00e1ticas en r\u00edos, mares, lagos y\u00a0natatorios rionegrinos.<\/p>\n<p><img decoding=\"async\" loading=\"lazy\" class=\"aligncenter  wp-image-4422\" src=\"https:\/\/ifdsao-rng.infd.edu.ar\/sitio\/wp-content\/uploads\/2022\/03\/Carteles-Coordinadoras_GUARDA.jpg\" alt=\"\" width=\"355\" height=\"113\" \/><\/p>\n<p style=\"text-align: center;\"><b><span style=\"color: #800000;\">HORARIOS DE ATENCI\u00d3N:<\/span>\u00a0<\/b>de <strong>Lunes a <\/strong><strong>Viernes<\/strong> de <strong>18:00<\/strong> a <strong>20:00<\/strong> horas.<\/p>\n<table>\n<tbody>\n<tr>\n<td width=\"451\">\n<p style=\"text-align: right;\"><span style=\"color: #800000;\"><span style=\"font-family: 'trebuchet ms', geneva; font-size: 10pt;\"><strong data-sider-select-id=\"3d154f89-936d-4de2-8403-6c0770966212\">DISE\u00d1O CURRICULAR <span style=\"color: #000000;\">(RESOLUCI\u00d3N N\u00ba 6633\/ 22) <\/span>\u00a0<\/strong><\/span><\/span><\/p>\n<\/td>\n<td width=\"147\"><a href=\"https:\/\/drive.google.com\/file\/d\/1TnS0C8Xd3ZK2xC0WDgNO2xUe8EVWBwd1\/view?usp=sharing\" target=\"_blank\" rel=\"noopener\"><img decoding=\"async\" loading=\"lazy\" class=\"wp-image-1343 alignright\" src=\"https:\/\/ifdsao-rng.infd.edu.ar\/sitio\/wp-content\/uploads\/2018\/12\/descargar_pdf.png\" alt=\"\" width=\"66\" height=\"66\" \/><\/a><\/td>\n<\/tr>\n<tr>\n<td width=\"451\">\n<p style=\"text-align: right;\"><span style=\"color: #ff6600;\"><span style=\"font-size: 10pt; font-family: 'times new roman', times;\"><strong><span style=\"color: #800000;\"><span style=\"font-family: 'trebuchet ms', geneva;\">ESTRUCTURA MODULAR\/MAPA CURRICULAR <span style=\"font-family: 'trebuchet ms', geneva; font-size: 10pt;\"><span style=\"color: #000000;\">(RESOLUCI\u00d3N N\u00ba 6633\/ 22)<\/span><\/span><\/span><\/span><\/strong><\/span><\/span><\/p>\n<\/td>\n<td width=\"147\"><a href=\"https:\/\/drive.google.com\/file\/d\/1FgLpZa-B5HOBTIYwcXQjm3lnoncxPP7E\/view?usp=sharing\" target=\"_blank\" rel=\"noopener\"><img decoding=\"async\" loading=\"lazy\" class=\"wp-image-1343 alignright\" src=\"https:\/\/ifdsao-rng.infd.edu.ar\/sitio\/wp-content\/uploads\/2018\/12\/descargar_pdf.png\" alt=\"\" width=\"66\" height=\"66\" data-sider-select-id=\"400d363f-63de-4e4f-9d4c-d288c33c85a7\" \/><\/a><\/td>\n<\/tr>\n<tr>\n<td width=\"451\">\n<p style=\"text-align: right;\"><span style=\"color: #800000;\"><span style=\"font-family: 'trebuchet ms', geneva; font-size: 10pt;\"><strong data-sider-select-id=\"3d154f89-936d-4de2-8403-6c0770966212\">REGIMEN DE CORRELATIVIDADES <span style=\"color: #000000;\" data-sider-select-id=\"4418bb28-ae97-437c-97f0-b6a825c50ebc\">(DISPOSICI\u00d3N CD N\u00ba 020\/24)<\/span><\/strong><\/span><\/span><\/p>\n<\/td>\n<td width=\"147\"><span style=\"color: #800000;\"><span style=\"font-family: 'trebuchet ms', geneva; font-size: 10pt;\"><strong data-sider-select-id=\"3d154f89-936d-4de2-8403-6c0770966212\"><a href=\"https:\/\/drive.google.com\/file\/d\/1Ta7G4BF74NgBp2z_tNTRldFH6-Jm1SHq\/view?usp=sharing\" target=\"_blank\" rel=\"noopener\"><img decoding=\"async\" loading=\"lazy\" class=\"wp-image-1343 alignright\" src=\"https:\/\/ifdsao-rng.infd.edu.ar\/sitio\/wp-content\/uploads\/2018\/12\/descargar_pdf.png\" alt=\"\" width=\"66\" height=\"66\" data-sider-select-id=\"400d363f-63de-4e4f-9d4c-d288c33c85a7\" \/><\/a><\/strong><\/span><\/span><\/td>\n<\/tr>\n<\/tbody>\n<\/table>\n<p style=\"text-align: right;\">\n<hr \/>\n<p><b><span style=\"color: #800000;\" data-sider-select-id=\"15eac4fa-7b45-4092-a8c7-570a0774e0cd\">\u00a0<\/span><\/b><\/p>\n","protected":false},"excerpt":{"rendered":"<p>El Guardavidas ser\u00e1 un profesional con capacidad t\u00e9cnico motriz formado b\u00e1sicamente como socorrista especializado en el rescate acu\u00e1tico. Estar\u00e1 preparado para intervenir en la prevenci\u00f3n de accidentes fuera y dentro del agua, y deber\u00e1 manejar los conocimientos de los \u00faltimos adelantos en las t\u00e9cnicas de rescate y salvamento. Ser\u00e1 la persona que vigila, previene y &#8230; <a title=\"Plan de Estudios de Guardavidas\" class=\"read-more\" href=\"https:\/\/ifdsao-rng.infd.edu.ar\/sitio\/plan-de-estudios-de-guardavidas\/\" aria-label=\"More on Plan de Estudios de Guardavidas\">[+]<\/a><\/p>\n","protected":false},"author":879,"featured_media":0,"parent":0,"menu_order":0,"comment_status":"closed","ping_status":"closed","template":"","meta":[],"acf":[],"_links":{"self":[{"href":"https:\/\/ifdsao-rng.infd.edu.ar\/sitio\/wp-json\/wp\/v2\/pages\/1373"}],"collection":[{"href":"https:\/\/ifdsao-rng.infd.edu.ar\/sitio\/wp-json\/wp\/v2\/pages"}],"about":[{"href":"https:\/\/ifdsao-rng.infd.edu.ar\/sitio\/wp-json\/wp\/v2\/types\/page"}],"author":[{"embeddable":true,"href":"https:\/\/ifdsao-rng.infd.edu.ar\/sitio\/wp-json\/wp\/v2\/users\/879"}],"replies":[{"embeddable":true,"href":"https:\/\/ifdsao-rng.infd.edu.ar\/sitio\/wp-json\/wp\/v2\/comments?post=1373"}],"version-history":[{"count":18,"href":"https:\/\/ifdsao-rng.infd.edu.ar\/sitio\/wp-json\/wp\/v2\/pages\/1373\/revisions"}],"predecessor-version":[{"id":6104,"href":"https:\/\/ifdsao-rng.infd.edu.ar\/sitio\/wp-json\/wp\/v2\/pages\/1373\/revisions\/6104"}],"wp:attachment":[{"href":"https:\/\/ifdsao-rng.infd.edu.ar\/sitio\/wp-json\/wp\/v2\/media?parent=1373"}],"curies":[{"name":"wp","href":"https:\/\/api.w.org\/{rel}","templated":true}]}}