{"id":1162,"date":"2018-12-03T09:49:05","date_gmt":"2018-12-03T12:49:05","guid":{"rendered":"https:\/\/ifdsao-rng.infd.edu.ar\/sitio\/?page_id=1162"},"modified":"2025-12-20T22:05:04","modified_gmt":"2025-12-21T01:05:04","slug":"elegir-carrera-para-preincripcion","status":"publish","type":"page","link":"https:\/\/ifdsao-rng.infd.edu.ar\/sitio\/elegir-carrera-para-preincripcion\/","title":{"rendered":"Pre &#8211; Inscripci\u00f3n a las Carreras"},"content":{"rendered":"<p><img decoding=\"async\" loading=\"lazy\" class=\"wp-image-6357 aligncenter\" src=\"https:\/\/ifdsao-rng.infd.edu.ar\/sitio\/wp-content\/uploads\/2024\/11\/Boton-de-propuestas-academicas_25.jpg\" alt=\"\" width=\"594\" height=\"187\" srcset=\"https:\/\/ifdsao-rng.infd.edu.ar\/sitio\/wp-content\/uploads\/2024\/11\/Boton-de-propuestas-academicas_25.jpg 801w, https:\/\/ifdsao-rng.infd.edu.ar\/sitio\/wp-content\/uploads\/2024\/11\/Boton-de-propuestas-academicas_25-768x242.jpg 768w\" sizes=\"(max-width: 594px) 100vw, 594px\" \/><\/p>\n<p>Para la\u00a0 <span style=\"color: #ff6600;\"><strong>INSCRIPCI\u00d3N<\/strong><\/span> deb\u00e9s completar <strong><span style=\"color: #ff6600;\">CADA PASO<\/span>,<\/strong> para que la misma sea <strong><span style=\"color: #ff6600;\">CONFIRMADA<\/span><\/strong>.<\/p>\n<table style=\"height: 2917px;\" width=\"1043\">\n<tbody>\n<tr>\n<td valign=\"top\" width=\"206\">\n<h6 class=\"wp-image-4007 alignleft\" style=\"text-align: justify; font-size: 10pt; font-family: 'trebuchet ms', geneva;\">\u00a0<\/h6>\n<p style=\"text-align: center;\"><strong><span style=\"color: #ff6600;\"><span style=\"color: #000000;\"><img decoding=\"async\" loading=\"lazy\" class=\"wp-image-4007 aligncenter\" style=\"vertical-align: text-top;\" src=\"https:\/\/ifdsao-rng.infd.edu.ar\/sitio\/wp-content\/uploads\/2021\/11\/Logo-Registrarse.png\" alt=\"\" width=\"79\" height=\"63\" \/>PASO N\u00ba 1:<\/span>\u00a0REGISTRARSE:<\/span><\/strong><\/p>\n<p style=\"text-align: justify;\">Para comenzar el proceso de inscripci\u00f3n, registrate e ingres\u00e1 al <strong>SISTEMA DE GESTI\u00d3N<\/strong> \u00ab<strong><span style=\"color: #ff6600;\">UNES<\/span><\/strong>\u00bb &#8211; complet\u00e1 tus datos personales y la preinscripci\u00f3n a la carrera elegida.<a href=\"https:\/\/estudiante.ifdcsao.edu.ar\/auth\/register\" target=\"_blank\" rel=\"noopener\"><img decoding=\"async\" loading=\"lazy\" class=\"aligncenter  wp-image-4163\" src=\"https:\/\/ifdsao-rng.infd.edu.ar\/sitio\/wp-content\/uploads\/2021\/11\/2749040.png\" alt=\"\" width=\"83\" height=\"83\" srcset=\"https:\/\/ifdsao-rng.infd.edu.ar\/sitio\/wp-content\/uploads\/2021\/11\/2749040.png 512w, https:\/\/ifdsao-rng.infd.edu.ar\/sitio\/wp-content\/uploads\/2021\/11\/2749040-500x500.png 500w\" sizes=\"(max-width: 83px) 100vw, 83px\" \/><\/a>E<span class=\"JsGRdQ\">s un requisito <strong><span style=\"color: #ff6600;\">OBLIGATORIO<\/span><\/strong> para la Inscripci\u00f3n.<\/span><\/p>\n<p><img decoding=\"async\" loading=\"lazy\" class=\"wp-image-4027 alignleft\" src=\"https:\/\/ifdsao-rng.infd.edu.ar\/sitio\/wp-content\/uploads\/2021\/11\/recordar.png\" alt=\"\" width=\"82\" height=\"82\" \/>Una vez, que complet\u00e9s tu registro de datos personales y realices la preinscripci\u00f3n a la carrera en el Sistema de Gesti\u00f3n, se te enviar\u00e1 una notificaci\u00f3n, revis\u00e1 tu correo electr\u00f3nico (<strong><span style=\"color: #ff0000;\">Bandeja de Entrada\/Spam o Correos no deseados<\/span>)<\/strong> para guardar este comprobante.\u00a0<\/p>\n<p style=\"text-align: center;\"><span style=\"color: #ff0000;\"><strong>TUTORIAL del SISTEMA DE GESTI\u00d3N\u00a0 DE ESTUDIANTES \u00abUNES\u00bb &#8211; INSCRIPCI\u00d3N 2026<\/strong>:<\/span><\/p>\n<p><a href=\"https:\/\/www.youtube.com\/watch?v=4QyxILcYYm4&amp;embeds_referring_euri=https%3A%2F%2Fifdsao-rng.infd.edu.ar%2F&amp;source_ve_path=OTY3MTQ&amp;feature=emb_imp_woyt\" target=\"_blank\" rel=\"noopener\"><img decoding=\"async\" loading=\"lazy\" class=\"aligncenter  wp-image-4165\" src=\"https:\/\/ifdsao-rng.infd.edu.ar\/sitio\/wp-content\/uploads\/2021\/11\/icono-tutorial.jpg\" alt=\"\" width=\"128\" height=\"88\" srcset=\"https:\/\/ifdsao-rng.infd.edu.ar\/sitio\/wp-content\/uploads\/2021\/11\/icono-tutorial.jpg 900w, https:\/\/ifdsao-rng.infd.edu.ar\/sitio\/wp-content\/uploads\/2021\/11\/icono-tutorial-768x529.jpg 768w\" sizes=\"(max-width: 128px) 100vw, 128px\" \/><\/a><\/p>\n<h6 class=\"_04xlpA direction-ltr align-center para-style-body\" style=\"text-align: center;\"><span class=\"JsGRdQ\">Frente a <span style=\"color: #ff6600;\"><strong>CUALQUIER DIFICULTAD<\/strong><\/span>, no dud\u00e9s en consultar en la secretar\u00eda\/referente tic a los siguientes correos electr\u00f3nicos:<\/span><\/h6>\n<table>\n<tbody>\n<tr>\n<td width=\"299\">\n<p><img decoding=\"async\" loading=\"lazy\" class=\"wp-image-3515 alignleft\" src=\"https:\/\/ifdsao-rng.infd.edu.ar\/sitio\/wp-content\/uploads\/2021\/04\/Signo-de-mail-1000x1000.jpg\" alt=\"\" width=\"89\" height=\"89\" srcset=\"https:\/\/ifdsao-rng.infd.edu.ar\/sitio\/wp-content\/uploads\/2021\/04\/Signo-de-mail-1000x1000.jpg 1000w, https:\/\/ifdsao-rng.infd.edu.ar\/sitio\/wp-content\/uploads\/2021\/04\/Signo-de-mail-500x500.jpg 500w, https:\/\/ifdsao-rng.infd.edu.ar\/sitio\/wp-content\/uploads\/2021\/04\/Signo-de-mail-768x768.jpg 768w, https:\/\/ifdsao-rng.infd.edu.ar\/sitio\/wp-content\/uploads\/2021\/04\/Signo-de-mail.jpg 1300w\" sizes=\"(max-width: 89px) 100vw, 89px\" \/><\/p>\n<\/td>\n<td width=\"299\">\n<h3 style=\"text-align: center;\"><span style=\"color: #ff0000;\"><strong style=\"font-family: inherit;\"><span style=\"font-size: 10pt; font-family: 'trebuchet ms', geneva;\">sec.estudiantes@ifdcsao.edu.ar <\/span><\/strong><\/span><\/h3>\n<h3 style=\"text-align: center;\"><span style=\"color: #ff0000;\"><strong style=\"font-family: inherit;\"><span style=\"font-size: 10pt; font-family: 'trebuchet ms', geneva;\">referente.tic@ifdcsao.edu.ar <\/span><\/strong><\/span><\/h3>\n<\/td>\n<\/tr>\n<\/tbody>\n<\/table>\n<h3 style=\"text-align: center;\">\u00a0<\/h3>\n<\/td>\n<td valign=\"top\" width=\"265\">\n<h6 style=\"text-align: justify;\"><img decoding=\"async\" loading=\"lazy\" class=\"wp-image-4007 aligncenter\" src=\"https:\/\/ifdsao-rng.infd.edu.ar\/sitio\/wp-content\/uploads\/2021\/11\/Icono-de-documentacion-850x1000.jpg\" alt=\"\" width=\"62\" height=\"73\" \/><\/h6>\n<p style=\"text-align: center;\"><strong><span style=\"color: #ff6600;\"><span style=\"color: #000000;\">PASO N\u00ba 2: <\/span>\u00a0DOCUMENTACI\u00d3N\u00a0<\/span><\/strong><strong><span style=\"color: #ff6600;\">REQUERIDA:<\/span><\/strong><\/p>\n<ol>\n<li class=\"_04xlpA direction-ltr align-start para-style-body\"><strong>D.N.I<\/strong>. o copia autenticada.<\/li>\n<li class=\"_04xlpA direction-ltr align-start para-style-body\"><strong>PARTIDA DE NACIMIENTO<\/strong>\u00a0original o copia autenticada.<\/li>\n<li class=\"_04xlpA direction-ltr align-start para-style-body\"><strong>T\u00cdTULO O CONSTANCIA DE T\u00cdTULO EN TR\u00c1MITE <\/strong>de estudios secundarios (original o copia autenticada).<\/li>\n<li class=\"_04xlpA direction-ltr align-start para-style-body\">Constancia de <strong>CUIL<\/strong> (<span style=\"color: #ff6600;\"><a style=\"color: #ff6600;\" href=\"https:\/\/www.anses.gob.ar\/consulta\/constancia-de-cuil\" target=\"_blank\" rel=\"noopener\">descargarla aqu\u00ed<\/a><\/span>).<\/li>\n<li class=\"_04xlpA direction-ltr align-start para-style-body\"><strong>SOLICITUD DE INSCRIPCI\u00d3N:<\/strong> Completada y firmada (<a href=\"https:\/\/drive.google.com\/file\/d\/1l8IW5p_OT9md1ytqHnCquMwLUMciHNqR\/view?usp=sharing\" target=\"_blank\" rel=\"noopener\"><span style=\"color: #ff6600;\">descargarla aqu\u00ed<\/span><\/a>).<\/li>\n<\/ol>\n<p><img decoding=\"async\" loading=\"lazy\" class=\"alignleft\" src=\"https:\/\/www.catadelvino.com\/uploads\/46201419584231721.jpg\" alt=\"Los doce consejos a tener en cuenta en el momento de servir el Vino. -  CataDelVino.com\" width=\"124\" height=\"131\" \/> <strong>* <span style=\"color: #800000;\">GUARDAVIDAS:<\/span> <\/strong>El o la aspirante debe dominar al menos una t\u00e9cnica de nataci\u00f3n, crol, pecho, espalda, mariposa u over (t\u00e9cnica de patada lateral).<\/p>\n<p><strong>CARRERAS\u00a0 T\u00c9CNICAS Y DE FORMACI\u00d3N PROFESIONAL:<\/strong><\/p>\n<ul>\n<li style=\"text-align: left;\"><span style=\"color: #800000;\"><strong>TECNICATURA SUPERIOR EN GASTRONOM\u00cdA: <\/strong><\/span>El inicio del ciclo lectivo ser\u00e1 a partir de <strong>julio\/agosto de 2026<\/strong>\u00a0en las instalaciones del <strong>C.E.T. N\u00ba 32<\/strong> de San Antonio Oeste, y ser\u00e1 por <strong>SORTEO P\u00daBLICO<\/strong>, con un cupo m\u00e1ximo de <strong>35 estudiantes.<\/strong><\/li>\n<\/ul>\n<p class=\"_04xlpA direction-ltr align-start para-style-body\"><span style=\"color: #000000;\"><span class=\"JsGRdQ\">6.<\/span><strong><span class=\"JsGRdQ\"> SALUD ESTUDIANTIL: <\/span><\/strong><\/span><span class=\"JsGRdQ\">Los\/as estudiantes ingresantes deber\u00e1n realizarse ex\u00e1menes m\u00e9dicos, los certificados podr\u00e1n ser entregados al momento de la inscripci\u00f3n o de manera posterior a ella.\u00a0<\/span><span class=\"JsGRdQ\"><strong>Descarg\u00e1<\/strong> los formularios en los siguientes <strong>Link <\/strong>de acuerdo a la carrera a la que te inscribiste:<\/span><\/p>\n<ul>\n<li><strong><span style=\"color: #ff6600;\">FORMACI\u00d3N DOCENTE<\/span> <\/strong>(Ex\u00e1menes M\u00e9dicos y Foni\u00e1tricos &#8211; <a href=\"https:\/\/drive.google.com\/file\/d\/1ytub4VStSQGH59q97BW8CknJMxD1ERSU\/view?usp=sharing\" target=\"_blank\" rel=\"noopener\"><span style=\"color: #ff6600;\">descargar aqu\u00ed<\/span><\/a>)<\/li>\n<li><strong><span style=\"color: #ff6600;\">FORMACI\u00d3N T\u00c9CNICO PROFESIONAL<\/span><\/strong> (Ex\u00e1menes M\u00e9dicos\u00a0 &#8211; <a href=\"https:\/\/drive.google.com\/file\/d\/1x11VARMRsiJxbZIsYRZStL9NfH0l8peq\/view?usp=sharing\" target=\"_blank\" rel=\"noopener\"><span style=\"color: #ff6600;\">descargar aqu\u00ed<\/span><\/a>)<\/li>\n<li><span style=\"color: #ff6600;\"><strong><span class=\"JsGRdQ\">GUARDAVIDAS <\/span><\/strong><\/span><span class=\"JsGRdQ\">(Ex\u00e1menes M\u00e9dicos &#8211; <a href=\"https:\/\/drive.google.com\/file\/d\/1xx0LtrdbxtN5BIZR9omQpa-nxndRj0Se\/view?usp=sharing\" target=\"_blank\" rel=\"noopener\"><span style=\"color: #ff6600;\">descargar <\/span><\/a><\/span><span style=\"color: #ff6600;\">aqu\u00ed<\/span><span class=\"JsGRdQ\">)<\/span><\/li>\n<\/ul>\n<\/td>\n<td valign=\"top\" width=\"180\">\n<p><strong> <img decoding=\"async\" loading=\"lazy\" class=\"wp-image-4009 aligncenter\" src=\"https:\/\/ifdsao-rng.infd.edu.ar\/sitio\/wp-content\/uploads\/2021\/11\/turnos-icon.jpg\" alt=\"\" width=\"176\" height=\"64\" \/><\/strong><\/p>\n<p><strong><span style=\"color: #ff6600;\"><span style=\"color: #000000;\">PASO N\u00ba<\/span><\/span>3:<\/strong>\u00a0<strong><span style=\"color: #ff6600;\">ESPERAR EL ENV\u00cdO DEL TURNO: <\/span><\/strong><span data-wahfont=\"14\">La Secretar\u00eda de Estudiantes te otorgar\u00e1 un turno para entregar la documentaci\u00f3n de forma presencial. <\/span><span data-wahfont=\"14\">\u00a0<\/span><\/p>\n<p style=\"text-align: center;\"><span style=\"color: #ff0000;\"><span style=\"color: #000000;\">El<\/span> <strong>TURNO <\/strong><span style=\"color: #000000;\">ser\u00e1 informado por<\/span><strong> MAIL, <\/strong><span style=\"color: #000000;\">en el mes de<\/span><strong> FEBRERO <\/strong><span style=\"color: #000000;\">(a la vuelta del receso de verano).<\/span><\/span><\/p>\n<p>\u00a0<\/p>\n<p><img decoding=\"async\" loading=\"lazy\" class=\"wp-image-4010 aligncenter\" src=\"https:\/\/ifdsao-rng.infd.edu.ar\/sitio\/wp-content\/uploads\/2021\/11\/0804.png_860.png\" alt=\"\" width=\"65\" height=\"60\" srcset=\"https:\/\/ifdsao-rng.infd.edu.ar\/sitio\/wp-content\/uploads\/2021\/11\/0804.png_860.png 860w, https:\/\/ifdsao-rng.infd.edu.ar\/sitio\/wp-content\/uploads\/2021\/11\/0804.png_860-768x705.png 768w\" sizes=\"(max-width: 65px) 100vw, 65px\" \/><\/p>\n<p><strong><span style=\"color: #ff6600;\"><span style=\"color: #000000;\">PASO N\u00ba 4: <\/span><\/span><\/strong><strong><span style=\"color: #ff6600;\">ENTREGA DE LA DOCUMENTACI\u00d3N:<\/span><\/strong> Una vez recibido el turno acercate al I.F.D.C en la fecha y hora convocada\/o para la entrega de los documentos solicitados.\u00a0<\/p>\n<p><span class=\"JsGRdQ\"><img decoding=\"async\" loading=\"lazy\" class=\" wp-image-4011 alignleft\" src=\"https:\/\/ifdsao-rng.infd.edu.ar\/sitio\/wp-content\/uploads\/2021\/11\/importante-clip-art-vectorial_csp23536766.jpg\" alt=\"\" width=\"242\" height=\"100\" \/><\/span><\/p>\n<p style=\"text-align: center;\"><span class=\"JsGRdQ\">Para <strong>EFECTUAR<\/strong><\/span> <span class=\"JsGRdQ\">la <strong>INSCRIPCI\u00d3N<\/strong> a la carrera elegida deber\u00e1s presentar<\/span> <span class=\"JsGRdQ\"><strong>TODA<\/strong> <strong>LA DOCUMENTACI\u00d3N REQUERIDA<\/strong> (original o copia autenticada) en<strong> SOPORTE PAPEL<\/strong>\u00a0en la Secretar\u00eda de Estudiantes, en la fecha y horario que se les haya otorgado el turno. <\/span><span class=\"JsGRdQ\">\u00a0<\/span><\/p>\n<p style=\"text-align: center;\"><span style=\"color: #ff0000;\"><b>\u00a1SIN EXCEPCI\u00d3N!<\/b><\/span><\/p>\n<\/td>\n<\/tr>\n<tr>\n<td colspan=\"3\" width=\"650\">\n<h5 style=\"text-align: center;\"><span class=\"JsGRdQ\" style=\"color: #ff0000;\"><strong><span style=\"color: #000000;\">Es indispensable contar con todo lo solicitado para efectuar el tr\u00e1mite, de lo contrario, la inscripci\u00f3n<\/span> <\/strong>NO SER\u00c1 CONFIRMADA.<\/span><\/h5>\n<p>\u00a0<\/p>\n<p data-wahfont=\"14\"><img decoding=\"async\" loading=\"lazy\" class=\"wp-image-4061 alignleft\" src=\"https:\/\/ifdsao-rng.infd.edu.ar\/sitio\/wp-content\/uploads\/2021\/11\/icono-requisitos.png\" alt=\"\" width=\"55\" height=\"67\" \/>Los primeros d\u00edas del <span style=\"color: #ff6600;\"><strong>MES DE MARZO<\/strong><\/span> , se realizar\u00e1n las <strong><span style=\"color: #ff6600;\">ACTIVIDADES DE INICIO<\/span><\/strong> para las y los estudiantes ingresantes. Las mismas se informar\u00e1n, a trav\u00e9s de un mail la fecha y hora de su inicio.<\/p>\n<p data-wahfont=\"14\">\u00a0<\/p>\n<p data-wahfont=\"14\"><strong><img decoding=\"async\" loading=\"lazy\" class=\"wp-image-4061 alignleft\" src=\"https:\/\/ifdsao-rng.infd.edu.ar\/sitio\/wp-content\/uploads\/2021\/11\/icono-requisitos.png\" alt=\"\" width=\"55\" height=\"67\" \/>Aqu\u00ed les dejamos, la <span class=\"JsGRdQ\"><span style=\"color: #ff6600;\">GU\u00cdA DEL\/LA ESTUDIANTE:\u00a0<\/span><\/span><\/strong><span class=\"JsGRdQ\">Te sugerimos que la descarguen y la lean, ya que les ser\u00e1 de gran utilidad y facilitar\u00e1 su inserci\u00f3n en la vida estudiantil de la Instituci\u00f3n, donde encontrar\u00e1s informaci\u00f3n acad\u00e9mica y administrativa. <\/span><span class=\"JsGRdQ\">Tengan esta gu\u00eda siempre a mano, para poder resolver cualquier tr\u00e1mite y\/O consultas.<\/span><\/p>\n<p style=\"text-align: center;\" data-wahfont=\"14\"><a href=\"https:\/\/www.canva.com\/design\/DAEwC7hg-rA\/e5BWecpb6AO_PZLKlOsI1A\/view?utm_content=DAEwC7hg-rA&amp;utm_campaign=designshare&amp;utm_medium=link&amp;utm_source=publishsharelink\" target=\"_blank\" rel=\"noopener\"><img decoding=\"async\" loading=\"lazy\" class=\"wp-image-1343 aligncenter\" src=\"https:\/\/ifdsao-rng.infd.edu.ar\/sitio\/wp-content\/uploads\/2018\/12\/descargar_pdf.png\" alt=\"\" width=\"81\" height=\"81\" \/><\/a> <span style=\"color: #ff6600;\"><strong><span class=\"JsGRdQ\">GU\u00cdA DEL\/LA ESTUDIANTE<\/span><\/strong><span class=\"JsGRdQ\">\u00a0<\/span><\/span><\/p>\n<\/td>\n<\/tr>\n<tr>\n<td colspan=\"3\" width=\"650\">\n<p style=\"text-align: center;\"><strong><img decoding=\"async\" loading=\"lazy\" class=\"wp-image-4061 alignleft\" src=\"https:\/\/ifdsao-rng.infd.edu.ar\/sitio\/wp-content\/uploads\/2021\/11\/icono-requisitos.png\" alt=\"\" width=\"55\" height=\"67\" \/>\u00bfSi ten\u00e9s m\u00e1s de 25 a\u00f1os y te gustar\u00eda estudiar una carrera terciaria, pero no terminaste los estudios secundarios?<\/strong><\/p>\n<p style=\"text-align: center;\">\u00a1Esta es tu oportunidad!\u00a0El Instituto de Formaci\u00f3n Docente Continua de San Antonio Oeste,\u00a0\u00a0permite que\u00a0j\u00f3venes argentinos mayores de 25 a\u00f1os, sin estudios secundarios completos, realicen una carrera.<\/p>\n<p style=\"text-align: center;\"><a href=\"https:\/\/drive.google.com\/file\/d\/1PreyAfNpJjoldKogUNTwPvfJFYysJw-r\/view?usp=sharing\" target=\"_blank\" rel=\"noopener\"><img decoding=\"async\" loading=\"lazy\" class=\"wp-image-1343 aligncenter\" src=\"https:\/\/ifdsao-rng.infd.edu.ar\/sitio\/wp-content\/uploads\/2018\/12\/descargar_pdf.png\" alt=\"\" width=\"81\" height=\"81\" \/> <span style=\"color: #ff6600;\">Descargar (Resoluci\u00f3n N\u00ba <strong>1594\/17)<\/strong><\/span><\/a><\/p>\n<\/td>\n<\/tr>\n<tr>\n<td colspan=\"3\" width=\"650\">\n<p style=\"text-align: justify;\"><span style=\"color: #ff6600;\"><strong> <img decoding=\"async\" loading=\"lazy\" class=\"wp-image-4013 alignleft\" src=\"https:\/\/ifdsao-rng.infd.edu.ar\/sitio\/wp-content\/uploads\/2021\/11\/residencia-estudiantil.jpg\" alt=\"\" width=\"227\" height=\"135\" \/><\/strong><strong><img decoding=\"async\" loading=\"lazy\" class=\"wp-image-4061 alignleft\" src=\"https:\/\/ifdsao-rng.infd.edu.ar\/sitio\/wp-content\/uploads\/2021\/11\/icono-requisitos.png\" alt=\"\" width=\"55\" height=\"67\" \/>INSCRIPCI\u00d3N PARA LA POSTULACI\u00d3N AL BENEFICIO DE LA RESIDENCIA ESTUDIANTIL DE NIVEL SUPERIOR:<\/strong><\/span><\/p>\n<p>Destinada\u00a0 para estudiantes rionegrinos que cursen estudios terciarios, \u00a0que hayan \u00a0finalizado los estudios secundarios y que sean \u00a0residentes en la provincia de R\u00edo Negro, \u00a0con prioridad para las y los estudiantes provenientes de la Regi\u00f3n Sur \u2013 L\u00ednea Sur &#8211; , seg\u00fan la evaluaci\u00f3n que se realice de su situaci\u00f3n socio-econ\u00f3mica y de las vacantes disponibles en cada Residencia.<\/p>\n<p>Las inscripciones para postularte ser\u00e1n desde el <strong>01<\/strong> al <strong>30 de diciembre<\/strong> de <strong>manera on line<\/strong>, donde deber\u00e1n adjuntar la documentaci\u00f3n\u00a0 solicitada. Posteriormente,\u00a0 se te<span data-wahfont=\"14\"> otorgar\u00e1 un turno para entregar la documentaci\u00f3n en forma presencial &#8211; e<span style=\"color: #ff0000;\"><span style=\"color: #000000;\">l<\/span> <strong>TURNO <\/strong><span style=\"color: #000000;\">ser\u00e1 informado por<\/span><strong> MAIL -.\u00a0<\/strong><\/span><\/span><\/p>\n<p><strong>Los requisitos de inscripci\u00f3n son los siguientes:<\/strong><\/p>\n<ol>\n<li>Haber finalizado la educaci\u00f3n secundaria.<\/li>\n<li>Estar inscriptos\/preinscriptos en la instituci\u00f3n.<\/li>\n<li>Ser menor de 25 a\u00f1os.<\/li>\n<li>Certificar promedio de 5\u00ba a\u00f1o de la educaci\u00f3n secundaria no inferior a siete (7).<\/li>\n<\/ol>\n<p><a href=\"https:\/\/ifdsao-rng.infd.edu.ar\/sitio\/residencia-estudiantil\/\" target=\"_blank\" rel=\"noopener\"><img decoding=\"async\" loading=\"lazy\" class=\"wp-image-4019 aligncenter\" src=\"https:\/\/ifdsao-rng.infd.edu.ar\/sitio\/wp-content\/uploads\/2021\/11\/Icono-Solicitud.png\" alt=\"\" width=\"147\" height=\"147\" \/><\/a><\/p>\n<\/td>\n<\/tr>\n<\/tbody>\n<\/table>\n\n\n<p><\/p>\n","protected":false},"excerpt":{"rendered":"<p>Para la\u00a0 INSCRIPCI\u00d3N deb\u00e9s completar CADA PASO, para que la misma sea CONFIRMADA. \u00a0 PASO N\u00ba 1:\u00a0REGISTRARSE: Para comenzar el proceso de inscripci\u00f3n, registrate e ingres\u00e1 al SISTEMA DE GESTI\u00d3N \u00abUNES\u00bb &#8211; complet\u00e1 tus datos personales y la preinscripci\u00f3n a la carrera elegida.Es un requisito OBLIGATORIO para la Inscripci\u00f3n. Una vez, que complet\u00e9s tu registro &#8230; <a title=\"Pre &#8211; Inscripci\u00f3n a las Carreras\" class=\"read-more\" href=\"https:\/\/ifdsao-rng.infd.edu.ar\/sitio\/elegir-carrera-para-preincripcion\/\" aria-label=\"More on Pre &#8211; Inscripci\u00f3n a las Carreras\">[+]<\/a><\/p>\n","protected":false},"author":1041,"featured_media":0,"parent":0,"menu_order":0,"comment_status":"closed","ping_status":"closed","template":"","meta":[],"acf":[],"_links":{"self":[{"href":"https:\/\/ifdsao-rng.infd.edu.ar\/sitio\/wp-json\/wp\/v2\/pages\/1162"}],"collection":[{"href":"https:\/\/ifdsao-rng.infd.edu.ar\/sitio\/wp-json\/wp\/v2\/pages"}],"about":[{"href":"https:\/\/ifdsao-rng.infd.edu.ar\/sitio\/wp-json\/wp\/v2\/types\/page"}],"author":[{"embeddable":true,"href":"https:\/\/ifdsao-rng.infd.edu.ar\/sitio\/wp-json\/wp\/v2\/users\/1041"}],"replies":[{"embeddable":true,"href":"https:\/\/ifdsao-rng.infd.edu.ar\/sitio\/wp-json\/wp\/v2\/comments?post=1162"}],"version-history":[{"count":138,"href":"https:\/\/ifdsao-rng.infd.edu.ar\/sitio\/wp-json\/wp\/v2\/pages\/1162\/revisions"}],"predecessor-version":[{"id":7349,"href":"https:\/\/ifdsao-rng.infd.edu.ar\/sitio\/wp-json\/wp\/v2\/pages\/1162\/revisions\/7349"}],"wp:attachment":[{"href":"https:\/\/ifdsao-rng.infd.edu.ar\/sitio\/wp-json\/wp\/v2\/media?parent=1162"}],"curies":[{"name":"wp","href":"https:\/\/api.w.org\/{rel}","templated":true}]}}